{"id":231,"date":"2025-05-13T07:43:32","date_gmt":"2025-05-13T07:43:32","guid":{"rendered":"https:\/\/naumbsurge.center\/?page_id=231"},"modified":"2025-05-13T08:50:36","modified_gmt":"2025-05-13T08:50:36","slug":"contatti","status":"publish","type":"page","link":"https:\/\/naumbsurge.center\/?page_id=231","title":{"rendered":"Contatti"},"content":{"rendered":"<p>Questo sito web \u00e8 di propriet\u00e0 di Naumbsurge SRLs. Ci impegniamo a fornire informazioni pertinenti e utili ai nostri utenti.<\/p>\n<p>Nome della societ\u00e0: Naumbsurge SRLs<br \/>\nIndirizzo legale: Via Marciana Marina, 58, 00138 Roma RM, Italia<br \/>\nEmail: <a href=\"mailto:info@naumbsurge.center\">info@naumbsurge.center<\/a><br \/>\nTelefono: <a href=\"tel:+39801039723\">+39801039723<\/a><br \/>\nAmministratore delegato: Jeannine Savonel<br \/>\nNumero di registrazione: 1678073049<br \/>\nNome dell&#8217;autorit\u00e0 di registrazione: Studio legale commerciale<br \/>\nIndirizzo dell&#8217;autorit\u00e0 di registrazione: Via Salaria, 713, 00138 Roma RM, Italia<\/p>\n<p><b>Copyright:<\/b><\/p>\n<p>Tutto il materiale presente sul nostro sito web, compresi testi, immagini, grafica, design e software, \u00e8 protetto da copyright. Ne \u00e8 vietato l&#8217;uso o la distribuzione senza l&#8217;autorizzazione del titolare del copyright.<\/p>\n<p><b>Informazioni di contatto:<\/b><\/p>\n<p>In caso di domande o commenti relativi al nostro sito web o alla nostra azienda, si prega di contattarci utilizzando le informazioni di contatto elencate sopra.<\/p>\n<p><b>Informativa sulla privacy:<\/b><\/p>\n<p>Rispettiamo la vostra privacy e proteggiamo le vostre informazioni personali. Per ulteriori informazioni, consultare la nostra <a href=\"https:\/\/naumbsurge.center\/?page_id=3\">politica sulla privacy<\/a>.<\/p>\n","protected":false},"excerpt":{"rendered":"<p>Questo sito web \u00e8 di propriet\u00e0 di Naumbsurge SRLs. Ci impegniamo a fornire informazioni pertinenti e utili ai nostri utenti. Nome della societ\u00e0: Naumbsurge SRLs Indirizzo legale: Via Marciana Marina,&hellip;<\/p>\n","protected":false},"author":1,"featured_media":0,"parent":0,"menu_order":0,"comment_status":"closed","ping_status":"closed","template":"","meta":{"footnotes":""},"class_list":["post-231","page","type-page","status-publish","hentry"],"_links":{"self":[{"href":"https:\/\/naumbsurge.center\/index.php?rest_route=\/wp\/v2\/pages\/231","targetHints":{"allow":["GET"]}}],"collection":[{"href":"https:\/\/naumbsurge.center\/index.php?rest_route=\/wp\/v2\/pages"}],"about":[{"href":"https:\/\/naumbsurge.center\/index.php?rest_route=\/wp\/v2\/types\/page"}],"author":[{"embeddable":true,"href":"https:\/\/naumbsurge.center\/index.php?rest_route=\/wp\/v2\/users\/1"}],"replies":[{"embeddable":true,"href":"https:\/\/naumbsurge.center\/index.php?rest_route=%2Fwp%2Fv2%2Fcomments&post=231"}],"version-history":[{"count":2,"href":"https:\/\/naumbsurge.center\/index.php?rest_route=\/wp\/v2\/pages\/231\/revisions"}],"predecessor-version":[{"id":372,"href":"https:\/\/naumbsurge.center\/index.php?rest_route=\/wp\/v2\/pages\/231\/revisions\/372"}],"wp:attachment":[{"href":"https:\/\/naumbsurge.center\/index.php?rest_route=%2Fwp%2Fv2%2Fmedia&parent=231"}],"curies":[{"name":"wp","href":"https:\/\/api.w.org\/{rel}","templated":true}]}}